 Calculate q(f).
3
Let a(n) = -n + 13. Let x be a(-24). Suppose -x + 35 = 2*i. Let c(k) be the third derivative of k**5/30 + k**4/24 + k**3/6 + k**2. Give c(i).
2
Let a(n) = -n**2 - n - 2. Let c(b) = -b**3 - 3*b**2 + 3*b - 1. Let x(o) = 2*a(o) - c(o). Calculate x(-4).
-31
Suppose u = -4, 0 = -6*m + m + u + 124. Suppose 0 = -4*t - 0*t - m. Let p(j) = j**3 + 6*j**2 + j + 1. Give p(t).
-5
Let g(s) = s**2 - 6*s + 6. Let y = -29 - -28. Let w(r) = -6*r**3 - 3*r**2 - r + 1. Let m be w(y). Calculate g(m).
1
Let i(v) = -2*v**2 + 9*v - 21. Let a(h) = -h**2 + 5*h - 10. Let m(u) = 5*a(u) - 2*i(u). Let c be m(6). Let j(z) = -5*z**2 - 3*z - 3. Determine j(c).
-17
Let h(n) = -n**3 + 8*n**2 - 3. Let k(d) = d**3 - 6*d**2 - d + 2. Let c be k(6). Let r be (32/6)/((-14)/(-3) + c). What is h(r)?
-3
Let z(x) = -4 + 35*x + 6 + 3 - 33*x. Give z(-5).
-5
Suppose -2*q - 648 = 4*a, -4*q = -a + 6*a + 816. Let r = a + 158. Let d(g) = -g**2. What is d(r)?
-4
Suppose 26 = 5*v + 6. Let k be (v/(-3))/((-2)/3). Let a(c) be the third derivative of -c**6/120 + c**5/30 + c**4/12 - c**3/2 + 60*c**2. Give a(k).
1
Let w(z) = 642*z + 1 - 8*z**2 - 644*z - 2 - 4*z**2. Give w(-2).
-45
Let o(m) be the first derivative of -m**4/4 - 2*m**3 + 3*m**2 - 8*m + 1. Suppose 8 + 28 = 6*g. Let l be ((-21)/(-6))/(g/(-12)). Give o(l).
-1
Let m(o) = 13*o**3 - 19*o**2 - 37*o - 27. Let f(k) = 3*k**3 - 5*k**2 - 9*k - 7. Let y(h) = 9*f(h) - 2*m(h). Give y(8).
-1
Let b(t) = -t. Suppose -4*l + 12 = -2*n - 0, -4*n = -8. Give b(l).
-4
Let t(r) be the first derivative of -2*r**2 - 24*r + 513. What is t(-6)?
0
Let t(b) = b + 3. Let v be (0 - 604/(-12)) + 2/(-6). Let y = -54 + v. What is t(y)?
-1
Let w(z) = -z - 12. Let a be w(-16). Suppose -3*f = 2*r - 2, a*f = 4*r + 23 + 13. Let b(h) = 2*h + 4. Determine b(r).
-6
Suppose 0*l + 9 = 3*l. Let c be l/(6/8) - 2. Let o(a) = -4*a**2 + 2*a + a**3 - 99 + 99. Calculate o(c).
-4
Let w(f) = -f**2. Let d(z) = -4*z**2 - 2*z + 4. Let o(p) = -d(p) + 3*w(p). Determine o(2).
4
Let c be 42/12 - 2*2/8. Suppose c*y - 5 = 2*y + 5*a, 5*y - 2 = 2*a. Let i(g) = -g**3 + 3. What is i(y)?
3
Let n(z) be the second derivative of -z**4/12 - 5*z**3/6 - 7*z**2/2 - 2*z. Let d(t) = -t - 3*t + 3*t + 4 - 1. Let f be d(8). Give n(f).
-7
Suppose -17 = -13*s + 35. Let m(q) be the third derivative of 5/24*q**s + 0 + 0*q + 2*q**2 + 1/3*q**3 - 1/60*q**5. What is m(6)?
-4
Let v be (79 - 76) + (-359)/120. Let a(q) be the third derivative of 0*q + 10*q**2 + 5/24*q**4 + 0 - 2/3*q**3 + 1/10*q**5 + v*q**6. Give a(-5).
-4
Let j(a) = 0 + 1 + a + a + 7. Determine j(7).
22
Let o(n) = -n**2 - 14*n - 18. Let w = -783 + 771. Give o(w).
6
Let t(g) = -g**3 - g + 1. Let z(l) = -3*l**3 - 4*l**2 - 6*l - 1. Suppose -3*a - 18 = -12*a. Let u(q) = a*t(q) - z(q). Give u(-2).
3
Let v be 3 + -6 - (-4 + 0). Let f(w) = -w**3 - 11*w**2 + v + 14*w**2 - 1. Determine f(3).
0
Let g(r) = 8*r**2 + 7*r + 7. Let v(d) = -11*d**2 - 8*d - 5. Let x(y) = -4*g(y) - 3*v(y). Calculate x(5).
-8
Let h(s) = 2*s**2 + 2*s + 2. Suppose -29*f = 8 + 50. Give h(f).
6
Let n(t) = 2*t**2 - t + 1. Let m(f) = -7*f**2 - 3*f - 9. Let g(x) = -m(x) - 4*n(x). Let w be (0 + 1)*0 + 7. What is g(w)?
5
Let g = -131 + 56. Let n be (-1)/(-8) + g/(-40). Let k(b) = -2*b**3 + 3*b**2 - 4*b + 2. Determine k(n).
-10
Let x be (54/(-12))/(12/16). Let a be (x + (-1 - -6))*(-10)/(-2). Let t(n) = -n**2 - 4*n - 3. Determine t(a).
-8
Suppose 10*b + 49 = 3*b. Let u(z) = -5 + 4 - 11 - z + 2. Give u(b).
-3
Suppose 0 = -441*a + 447*a - 18. Let s(x) = -8*x - 3. What is s(a)?
-27
Let g(i) = 6*i**2 + 4*i + 1. Let l(a) = -a**2 - a. Let s(d) = g(d) + 5*l(d). Let b = 64 - 50. Let y = b + -11. Give s(y).
7
Let f = 4 - 0. Let k(y) = f*y + 6 - 3*y**2 + 2*y**2 + 0*y**2. Let t be 0/1 - (214 - 220). Calculate k(t).
-6
Let x(f) = f**2 - f + 8. Let i(p) = -p**2 - 10*p + 39. Let z be i(3). What is x(z)?
8
Suppose 0 = -8*c - 6*c - 84. Let i(g) = -2*g - 7. Let m(v) = -2*v - 7. Let j(y) = 6*i(y) - 5*m(y). What is j(c)?
5
Let f(s) = -s + 7. Let w(x) = x**2 - 29*x + 46. Let z be w(28). Let d = z - 23. Determine f(d).
12
Let m(l) = -2*l**2 + l - 1. Suppose -p + 6 = -j, p - 9 = 4*j + 3. What is m(j)?
-11
Let t(d) = -d + 0*d + 51 - 27 - 18. Let p(l) = 3*l**2 + 4*l + 2. Let b be p(-2). Give t(b).
0
Let x(k) = -k**2 + 3*k + 4. Let j be ((-2)/(-5))/(-4 - (-82)/20). Suppose 4*n = -4*s + 28, 0*n = 4*n - 4*s - j. What is x(n)?
0
Let y(q) = -11*q**2 + 15*q + 4. Let p(u) = 13*u**2 - 19*u - 5. Let v(c) = 6*p(c) + 7*y(c). Determine v(7).
-16
Let r(o) = -2*o**3 - 12*o**2 + 35*o + 71. Let i(x) = -x**3 - 6*x**2 + 18*x + 31. Let j(z) = 5*i(z) - 2*r(z). Determine j(-8).
-19
Let y = -64 - -71. Let f(d) = -4*d + 2. Let v(p) be the second derivative of 3*p**3/2 - 2*p**2 + 5*p. Let t(z) = 7*f(z) + 3*v(z). Calculate t(y).
-5
Let m be 4 - 3 - 5 - -4. Suppose 5*y = 0, -3*n - y = -m*n - 66. Let f = -28 + n. Let p(w) = -w**2 - 7*w + 5. Calculate p(f).
11
Let j(p) = -19 + p**2 - 5*p + p**3 + 24 - 17 + 9. Give j(-3).
-6
Let q(n) = -2*n + 2. Let b be (2 + 2)*(-106)/(-8). Suppose -6*x + 79 = -b. Suppose 0 = -l - 25 + x. What is q(l)?
8
Let j = 30 - 15. Suppose -6*a = -3*a + j. Let l(r) = -r**2 - 6*r - 4. Give l(a).
1
Let r(g) be the third derivative of g**5/60 + g**4/6 - g**3/3 + 3*g**2. Let w = 61 - 48. Suppose 3*h + 21 = -3*z, -5*z + 2*z + h - w = 0. Calculate r(z).
3
Let v(m) be the first derivative of -m**3/3 + 4*m**2 + 4*m - 99. Determine v(7).
11
Let u(n) = -n**3 - 2*n**2 - 1. Suppose -25*g = -g + 28*g. Calculate u(g).
-1
Let f(g) be the second derivative of -g**5/120 - g**4/24 + 7*g**3/6 - 9*g. Let o(k) be the second derivative of f(k). Let y = 2 + -1. Give o(y).
-2
Let o = -557 - -561. Let y(m) = -3*m**2 + 2*m - 4. Calculate y(o).
-44
Let a(p) be the third derivative of p**4/24 + 5*p**3/3 + 190*p**2. What is a(-15)?
-5
Let d be (-10)/6 - (-69)/9. Let b(h) = h**3 - 6*h**2 - 3*h + 12. Calculate b(d).
-6
Suppose -2 = q + 3*d, 1 + 17 = -2*q + d. Let a(o) = -o**2 - 9*o - 11. Give a(q).
-3
Let v(b) = -6*b. Let h be v(-1). Let u(p) be the third derivative of 1/12*p**5 + 0*p - 1/120*p**6 + 0 + 5/24*p**4 - 4*p**2 + 7/6*p**3. Determine u(h).
1
Let r(s) = -5*s - 4 + s**2 - 1 - 6 + 16. Calculate r(4).
1
Let l(k) = -5293 - k**2 + 13*k + 5293. Determine l(9).
36
Let f(l) = -2 + 4 - 534*l + 533*l - 2. Calculate f(7).
-7
Let y(x) = -x**2 - 6 - 2*x + 3*x + x + 3*x. Let s be ((-24)/14)/((-10)/175). Suppose o + 1 = k, 0*o - 5*o = 2*k - s. Give y(k).
-6
Suppose 4*r + 2*s - 5*s - 18 = 0, 5*s = -4*r + 34. Let m(i) = i**2 - r*i + i - 2 - i + i. Suppose 8 = 3*a - a. Give m(a).
-6
Suppose 8*g = 4*g + 84. Let s = -12 + g. Let j = 9 - s. Let r(u) = u**3 + u**2 + u. Determine r(j).
0
Let u(z) = -2*z - 1. Suppose -5*f + 5*t = -5, -f = -4*f + t + 3. Let v be 5 - 7 - f*2. Let l(n) = 2*n + 2. Let r(p) = v*u(p) - 3*l(p). Determine r(2).
2
Let f(u) = -u**2 + 5*u - 2. Let v = -13 + 43. Let n = 35 - v. Let g be f(n). Let q(c) = c**2 + c - 1. Give q(g).
1
Suppose 275*q - 283*q = -48. Let k(x) be the first derivative of -1/4*x**4 - q*x - 6 + 3/2*x**2 + 4/3*x**3. Give k(4).
6
Let u(p) = 14 + 19 + p + 8 - 37. Determine u(-1).
3
Let r(q) = q**3 + 6*q**2 + 8*q + 6. Let w be (-10 + 15)/(-2 + 3 + -2). Give r(w).
-9
Let z(o) = 6*o**2 + o**3 - 4 + o**2 - 1. Suppose 0 = -0*u + u. Suppose u*c - 14 = 2*c. Determine z(c).
-5
Let n(x) = x**3 + 8*x**2 + 8*x - 1. Suppose 2*g + 5*p = 23, 2*g - 5*p + p + 4 = 0. Suppose 0 = 4*l + g + 24. Give n(l).
-8
Let r(v) = -1 + 3*v + 7*v + v - 8*v - 5*v**2. Calculate r(3).
-37
Let x(m) = 2*m + 15. Let s(v) = -7*v - 16. Let l(n) = 2*s(n) + 3*x(n). Determine l(-7).
69
Let j(l) = l**3 + 14*l**2 + 5*l + 1. Let o(u) = u**3 + 16*u**2 + 5*u + 1. Let k(t) = -5*j(t) + 4*o(t). Determine k(-5).
-1
Let s(a) be the third derivative of a**5/60 - 5*a**4/24 + a**3/2 - 3*a**2. Suppose -4*i + 16 = -13*c + 16*c, -2*c + 12 = 3*i. Determine s(i).
-1
Let r = 2 - 5. Suppose -20 = -6*t + t. Let f(p) = t*p - 5*p**2 + 4*p**2 - 4*p**2 + 6*p**2 + 4. What is f(r)?
1
Suppose 0 = -5*w - 4*p + 52, 4*w + w = -5*p + 55. Suppose k - u - w = 0, -3*k + 0*k + 28 = -4*u. Let s(t) = -k*t**2 - t**3 - t - 5 + 9 - 2. Calculate s(-4).
6
Let l(j) = 4*j - 10. Let s be 9/21*(-15 + 36). Give l(s).
26
Suppose 4*n = 5*n. Let l(y) be the third derivative of -2*y**2 + 0 + 0*y**4 - y**3 - 1/6